tor of u and 296?
74
Suppose m - 4*p + 4826 = 23800, 5*p - 56922 = -3*m. What is the highest common factor of 212 and m?
106
Suppose 6*x = 5*v - 19200, 0 = v - 141*x + 142*x - 3840. What is the highest common divisor of 864 and v?
96
Let m(g) = -g**3 - 13*g**2 + 31*g + 20. Let j be m(-15). Let r be 1810/55 - j/(-55). What is the highest common divisor of r and 297?
33
Let o be (-6)/5*(-640)/192. Let w be o/(-38) - (-6112)/304. What is the highest common divisor of 15 and w?
5
Suppose 3432 = 22*w + 1056. What is the highest common factor of w and 1680?
12
Let g(t) = -38*t + 205. Suppose -3*h - 181 = -196. Let j be g(h). Suppose 60 = 3*f - f. What is the highest common factor of j and f?
15
Suppose -2*f + 540 = 3*k, -4*f + k + 314 = -766. Suppose 6*h = 8*h - f. What is the highest common factor of h and 15?
15
Suppose 3*c - 948 = 2*c. Let z = -561 + c. Calculate the highest common factor of z and 43.
43
Suppose 2*j - 4577 = h + 1438, -6*j + h = -18047. What is the highest common divisor of 64 and j?
64
Let g(u) = 26*u - 61. Suppose 73*v + 64 = 81*v. Let w be g(v). Calculate the greatest common factor of w and 21.
21
Suppose -22*t + 9*t = -5*t - 200. Calculate the highest common factor of 1475 and t.
25
Let a(x) = -59*x - 15. Let u be a(6). Let t = 381 + u. Calculate the highest common factor of 588 and t.
12
Let d(m) = -m**2 + 5*m + 1. Let l be d(5). Let v(o) = l + 8 - 5*o - 1 - 1. Let a be v(-6). What is the highest common divisor of a and 333?
37
Suppose j - 20*j + 76 = 0. Let o be (76/j)/(0 - -4 - 3). Calculate the highest common factor of 304 and o.
19
Let b(d) = d**3 - 72*d**2 - 4*d + 301. Let t be b(72). What is the highest common divisor of t and 14248?
13
Let l be (-97572)/(-3243) - (-2)/(-23). What is the highest common divisor of 735 and l?
15
Let f be ((-275)/33)/((-2)/(-48)). Let x = -187 - f. Calculate the greatest common factor of x and 13.
13
Suppose -g + 4 = 0, 0 = -2*x - 5*g + g + 16. Let w be (x + 4 - 0)*98/4. Suppose -4*h = 2*t - 7 - 9, 2*t - 31 = h. What is the highest common divisor of t and w?
14
Let n be -3999*(-56)/546 - (-2)/(-13). Suppose -n = -c - 9*c. What is the greatest common factor of 369 and c?
41
Suppose -17*n + 30900 = -5004. What is the greatest common factor of n and 288?
96
Let s be 2/(-20) + 4219/(-10). Let a = s + 462. Calculate the highest common divisor of 10 and a.
10
Let g be -2*(3 + 1090/4). Let j = 599 + g. What is the highest common factor of 192 and j?
48
Let c = 1093 + -191. Let t = -890 + c. Calculate the highest common factor of t and 42.
6
Let t(j) = j**2 - 9*j - 7. Let p be t(15). Suppose -5*s - 25 = 0, 0*f - s = 2*f - p. Calculate the greatest common divisor of f and 22.
22
Suppose -918 - 426 = -21*m. Suppose -m = -4*n + 4*y, n + y + 40 = 4*n. What is the highest common divisor of n and 96?
12
Let o(h) = -h**2 + 25*h + 108. Let d be o(28). Calculate the highest common divisor of 5560 and d.
8
Suppose 1308 = 3*u + 9*b - 11*b, -4*u = -5*b - 1730. What is the greatest common factor of u and 77?
11
Suppose -3*d = -4*d - q + 30, 4*d - 129 = 5*q. Suppose -d*h + 0*h + 713 = 0. Calculate the greatest common factor of h and 92.
23
Let h be 50036/2 + 3256/296. Calculate the highest common factor of h and 27.
27
Suppose -19*p = -64*p + 11160. Calculate the highest common divisor of p and 682.
62
Suppose 442*o + 1768 = 450*o. What is the greatest common factor of o and 65?
13
Let j be 4 - ((-1130)/14 + (-124)/434). What is the highest common divisor of j and 221?
17
Let f(s) = s**3 - 4*s**2 - 3*s - 6. Let a be f(5). Let z be a*33 + 0 + 0 + 0. Suppose 0 = 11*n - 0*n - z. Calculate the greatest common divisor of n and 3.
3
Suppose 5*k = 4*j - 2*j - 81, 4*j = k + 117. Suppose 4*o - j = 16. Suppose -o = -4*r - 3. What is the greatest common divisor of r and 4?
2
Let c be ((-6)/9)/(4/(-6)). Let m be (81/12)/(-9) - 604/(-16). What is the greatest common divisor of m and c?
1
Let s(f) = 726*f - 47. Let m(c) = 1451*c - 97. Let u(d) = -3*m(d) + 5*s(d). Let r be u(-1). Calculate the greatest common factor of r and 41.
41
Let l = -14583 + 27139. Calculate the highest common factor of l and 172.
172
Let m(u) = 36*u + 1076. Let q be m(15). Calculate the highest common factor of q and 48.
16
Suppose -s = -2*v - 116, 1116*v - 529 = -4*s + 1111*v. What is the highest common factor of s and 462?
42
Let q = 37896 - 37779. Calculate the greatest common factor of 1719 and q.
9
Let f(n) = -3*n**2 - n + 589. Let t be f(0). Suppose -35 = -6*i + t. Let o = i - 64. What is the greatest common factor of o and 4?
4
Let c = 9978 - 5832. Calculate the greatest common divisor of 6 and c.
6
Let r(f) = f**3 - 5*f**2 - 82*f + 198. Let v be r(33). What is the highest common divisor of v and 32?
16
Suppose h + 917*r = 915*r + 211, -2*h - 2*r + 414 = 0. Calculate the greatest common divisor of h and 49.
7
Let j be (2793/(-5))/(-3) - (-15)/(-75). Suppose v = -2*t + 101, 2*v + 461 = 5*t + j. What is the highest common divisor of 424 and t?
53
Let j be -1 + 70 + 14 + -18. Let l be 2 + (j - 1) - 6. What is the greatest common divisor of l and 15?
15
Let i = 228 - 220. What is the greatest common divisor of 4352 and i?
8
Suppose 0 = -2*o + z + 19045 + 2488, -3*o + z + 32302 = 0. What is the highest common factor of 267 and o?
89
Suppose 4*r - 723 = o - 2*o, 2*o = -4*r + 1462. Suppose 0 = 2*t - 797 - o. What is the greatest common factor of 24 and t?
24
Suppose 81*y - 57793 = 102587. What is the highest common factor of 4500 and y?
180
Let s = -93 - -152. Suppose -4*p = s - 635. Calculate the greatest common factor of 32 and p.
16
Let g be 79/9 - 4/(-18). Suppose -470*u - 148809 + 779079 = 0. What is the greatest common factor of u and g?
9
Let r(s) = 5*s**3 + s. Let y be r(1). Let u(i) = i**3 - 14*i**2 + 59*i - 13. Let m be u(10). Let v = 201 - m. Calculate the highest common divisor of v and y.
6
Suppose 2*h + 406 = 2*l, l + h - 197 = -0*l. Suppose -56*g = -61*g + l. Suppose -5*p + 10 = -4*p. What is the greatest common divisor of g and p?
10
Let d be -6*(3/(-8) - 36/32). Calculate the highest common factor of d and 288.
9
Let m(k) = 27*k**2 + 9*k + 9. Let r be m(-1). Calculate the highest common divisor of 33 and r.
3
Suppose g = 1678*c - 1676*c - 102, 8*c - 388 = 2*g. Let v be (-20)/(-6)*(0 + 3). What is the highest common divisor of c and v?
2
Let u(r) = -55*r - 1600. Let d be u(-34). What is the greatest common factor of d and 2565?
135
Let l(y) = 4*y**2 - 7*y - 52. Let g be l(-7). Let q = g - 39. Calculate the highest common divisor of q and 385.
77
Suppose 2*f - f - 9*f = 0. Let x(b) = 8*b**2 + 1. Let t be x(2). Let j = t + f. What is the greatest common factor of 3 and j?
3
Let z = -27814 + 28024. What is the greatest common factor of z and 5600?
70
Let s = 76 + 353. Let a = 127453 - 127387. What is the highest common factor of s and a?
33
Suppose 0 = -s - 3*f + 2899, 0 = -0*s + 5*s + 2*f - 14430. What is the greatest common factor of s and 28?
28
Suppose -2948*m = -2805*m - 15444. What is the highest common factor of m and 4608?
36
Let b(a) = -39*a - 110. Suppose -12*c = -18*c - 30. Let h be b(c). Calculate the highest common factor of 17 and h.
17
Let p(w) = -114*w - 2. Let z be p(-6). Suppose -4*n = -6*i - 212, 0 = 1368*n - 1369*n - i + 68. What is the greatest common factor of n and z?
62
Let t(c) = 3*c**2 + 20*c - 14. Let f be t(-9). Let u = -41 + f. Suppose -2*v = u - 18. Calculate the greatest common divisor of v and 10.
5
Let a be 3 + (0/(-6) - -6). Suppose 5*o + 17 + 8 = 0. Let x be (0 - a - 1)*o/10. Calculate the highest common divisor of x and 10.
5
Let x(j) = 5*j**2 - 9*j + 111. Let m be x(6). What is the greatest common divisor of 1975 and m?
79
Let j(u) = 3*u - 32. Let o = 23 + -30. Let l(b) = -6*b + 65. Let a(s) = o*j(s) - 3*l(s). Let m be a(7). Calculate the highest common divisor of m and 2.
2
Let l be 3/(-5 - (-36)/6). Suppose 4*g - 102 - 1057 = -m, l*m = 4*g - 1147. What is the highest common factor of 17 and g?
17
Suppose -2 = c - 0, -b + 2*c = -491. Let a = b + -223. Suppose 3*i = 5*f + 844, 3*f + 12 = i - a. What is the highest common factor of 36 and i?
36
Let x = 36277 - 11251. What is the highest common factor of x and 97?
97
Let f be (-2)/(-6)*(-2 + 20) + -3. Suppose d - r = 25, 3*d + f*r + 8 = 59. Suppose